. What is o(-7)?
4
Let i(z) = -43*z - 2. What is i(-1)?
41
Let q(g) = -g**3 - 5*g**2 - 3*g - 2. What is q(-3)?
-11
Let s(f) = 2*f**2 + 4*f + 8. Calculate s(-3).
14
Let s(b) = -4*b**2 - 23*b - 11. Give s(-5).
4
Let w(v) = -2*v**3 - v**2 + 5*v - 6. Calculate w(-3).
24
Let m(n) = n**3 + 5*n**2 - 5*n. Give m(-5).
25
Let z(j) = -7*j - 1. Calculate z(-1).
6
Let x(o) = -o**3 + 9*o**2 - 9*o + 5. Determine x(8).
-3
Let z(m) = -56*m + 1013. Calculate z(18).
5
Let v(f) = 13*f + 10. Give v(-5).
-55
Let l(y) = 5*y**2 + 56*y + 25. What is l(-10)?
-35
Let c(x) = 6*x + 3. What is c(1)?
9
Let t(m) = 4*m**2 - 4. Calculate t(2).
12
Let f(r) = r**2 - 28*r + 25. Give f(27).
-2
Let u(f) = -f**2 + 11*f + 12. Calculate u(11).
12
Let s(y) = -3*y**3 - 19*y**2 - 2*y - 13. What is s(-6)?
-37
Let p(g) = -g**3 + 24*g**2 - 25*g + 56. Calculate p(23).
10
Let a(b) = 6*b - 5. Calculate a(2).
7
Let y(k) = -k**2 - 3*k + 24. Calculate y(-11).
-64
Let z(g) = 2*g**2 + 33*g - 31. What is z(-17)?
-14
Let s(g) = -g**3 - 8*g**2 - 3. What is s(-8)?
-3
Let z(m) = m**2 - 16*m + 18. Give z(14).
-10
Let q(k) = -2*k**2 - 8*k - 10. Give q(-2).
-2
Let i(u) = u**2 - u - 29. Determine i(12).
103
Let f(m) = m**2 + 12*m + 31. What is f(-5)?
-4
Let b(c) = -c**2 - 8*c - 4. Give b(-5).
11
Let x(w) = -16*w + 150. What is x(9)?
6
Let k(c) = -c**3 - 5*c**2 - 6*c + 1. Determine k(-2).
1
Let t(y) = -y**3 - 10*y**2 + 6*y - 50. Give t(-11).
5
Let p(x) = -x**3 + 9*x**2 + 2*x - 83. Determine p(8).
-3
Let v(r) = -r**3 + 11*r**2 - 10*r + 21. Give v(10).
21
Let u(s) = 15*s + 1. What is u(-1)?
-14
Let l(j) = -19*j**2. What is l(2)?
-76
Let b(a) = a**2 + a - 3. What is b(-3)?
3
Let r(l) = -3*l - 19. What is r(4)?
-31
Let m(l) = -2*l**2 + 2*l + 15. Calculate m(3).
3
Let o(x) = 4*x - 62. Calculate o(14).
-6
Let u(i) = -2*i**3 + 5*i**2 - 4*i + 2. What is u(3)?
-19
Let b(t) = t**2 + 8*t - 10. Determine b(-7).
-17
Let c(d) = -4*d - 18. Determine c(5).
-38
Let j(l) = l**3 + 5*l**2 + 3*l + 2. Calculate j(-4).
6
Let q(g) = 3*g**3 + g**2 + 2*g - 1. Give q(-1).
-5
Let j(g) = g**3 + g**2 - g + 29. What is j(0)?
29
Let j(o) = -6*o - 168. Determine j(-28).
0
Let z(f) = f**3 - 26*f - 14. Give z(-6).
-74
Let r(y) = -2*y**2 - 10*y + 25. Calculate r(-6).
13
Let i(t) = -2*t + 17. What is i(8)?
1
Let c(p) = -3*p. Determine c(-5).
15
Let p(k) = k**2 + 15*k - 18. Determine p(-13).
-44
Let g(y) = 2*y**3 + 11*y**2 + 8*y - 13. Calculate g(-6).
-97
Let v(m) = -12*m**3 - 23*m - 24. What is v(-1)?
11
Let z(m) = -3*m - 14. Calculate z(-9).
13
Let c(v) = -5*v**3 - v**2 - v + 2. Calculate c(2).
-44
Let l(i) = -2*i - 2. What is l(-3)?
4
Let w(f) = -f**2 - 36*f - 51. Give w(-34).
17
Let s(n) = -2*n**2 - 5*n + 3. Determine s(-4).
-9
Let r(b) = 10*b + 88. Determine r(-9).
-2
Let q(g) = 2*g**2 - 25*g - 18. What is q(13)?
-5
Let p(w) = -w**3 - 18*w**2 - 12*w - 218. Give p(-18).
-2
Let m(k) = -k**3 + 6*k**2 + 16*k + 4. Give m(8).
4
Let n(y) = y**2 - 10*y - 5. Calculate n(9).
-14
Let x(t) = -t**2 - 9*t - 3. What is x(-8)?
5
Let s(b) = -b**2 - b - 4. Calculate s(3).
-16
Let r(d) = -2*d**2 - 23*d - 27. What is r(-10)?
3
Let r(p) = 3*p**3 - 7*p**2 + 8*p - 7. Give r(2).
5
Let y(a) = -2*a**2 + 22*a - 2. Determine y(12).
-26
Let z(q) = -5*q + 4. Give z(-3).
19
Let z(q) = q**3 + 5*q**2 - 13*q - 4. What is z(-7)?
-11
Let p(k) = k**2 - 13*k + 26. Give p(12).
14
Let s(d) = d**3 - 31*d**2 - 67*d + 35. Give s(33).
2
Let w(j) = -5*j**2 - 2*j - 3. Calculate w(-2).
-19
Let n(y) = -y**3 - 10*y**2 + 9*y - 11. Give n(-11).
11
Let o(x) = -5*x + 8. Give o(7).
-27
Let r(i) = -15*i - 17. What is r(13)?
-212
Let r(n) = n**2 - 7*n - 3. Calculate r(9).
15
Let l(f) = f**2 + 2*f - 29. Calculate l(-8).
19
Let s(b) = 4*b**2 + b - 17. Calculate s(0).
-17
Let p(a) = a**3 + 11*a**2 + 4*a + 20. Calculate p(-10).
80
Let f(x) = x**2 + 5*x - 8. Determine f(-6).
-2
Let b(k) = -k**2 - 16*k - 17. Determine b(-12).
31
Let q(z) = 5*z - 56. What is q(12)?
4
Let t(l) = 14*l + 5. Calculate t(-5).
-65
Let i(m) = -m**3 + 7*m**2 - m + 7. Determine i(7).
0
Let m(s) = -5*s + 4. Determine m(-9).
49
Let k(d) = -d**2 + 4*d + 2. What is k(4)?
2
Let j(a) = -a**2 - 7*a - 18. What is j(-4)?
-6
Let h(c) = -2*c**2 + 5*c + 6. What is h(-2)?
-12
Let i(n) = -2*n**2 - 9. Calculate i(0).
-9
Let b(c) = -3*c + 9. What is b(4)?
-3
Let h(x) = 2*x**3 - x**2 - 4*x + 1. Give h(-2).
-11
Let k(d) = 11*d**2 - 63*d - 6. Determine k(6).
12
Let h(f) = -f**2 - 10*f + 12. What is h(-5)?
37
Let b(o) = 19*o**2 + 6*o + 13. Give b(-2).
77
Let h(b) = -2*b + 69. Calculate h(9).
51
Let r(x) = -x**3 - x**2 + x + 1. Calculate r(-2).
3
Let l(g) = -7*g + 113. Determine l(16).
1
Let w(s) = s**3 + 5*s**2 + 19*s + 143. What is w(-6)?
-7
Let x(d) = -d**2 - 28*d - 20. Give x(-28).
-20
Let i(l) = 11*l + 9. Give i(1).
20
Let v(t) = 6*t. Determine v(-4).
-24
Let f(t) = -161*t**3 + 3*t**2 - t - 1. Calculate f(1).
-160
Let b(u) = u**3 + u + 1. Determine b(-2).
-9
Let z(r) = -r**2 + 6*r - 9. Determine z(8).
-25
Let v(w) = -2*w + 26. What is v(16)?
-6
Let a(o) = 2*o**2 - 6*o - 129. Determine a(-7).
11
Let f(g) = g**3 + 14*g**2 + 14*g + 3. What is f(-13)?
-10
Let i(g) = g**3 - 6*g**2 - 3*g + 3. Determine i(6).
-15
Let z(v) = -10*v - 24. Calculate z(-3).
6
Let b(p) = -2*p**2 + 6*p - 3. Calculate b(4).
-11
Let n(x) = 5*x**2 + 3*x - 5. Give n(3).
49
Let g(r) = 7*r**2 + 5*r - 1. Give g(-3).
47
Let l(d) = d**3 + 2*d - 7. Determine l(0).
-7
Let c(z) = -z**3 - 7*z**2 - 2*z - 1. Determine c(-4).
-41
Let d(x) = -x**2 + 16*x - 37. What is d(13)?
2
Let i(k) = -2*k**2 + 13. Determine i(0).
13
Let z(a) = 5*a + 3. Calculate z(-3).
-12
Let z(f) = f**2 + 19*f - 30. Determine z(-20).
-10
Let g(i) = 3*i - 9. Determine g(5).
6
Let l(r) = 2*r**2 - 51*r - 22. Give l(26).
4
Let c(o) = 3*o - 6. What is c(6)?
12
Let r(x) = x**2 + 7*x + 7. Determine r(-7).
7
Let o(p) = p**2 + 4*p - 4. Calculate o(-4).
-4
Let q(c) = -c**2 - 8*c - 3. Calculate q(-7).
4
Let r(o) = -4*o - 11. Calculate r(0).
-11
Let c(f) = -2*f + 58. Give c(18).
22
Let a(c) = c**3 + 5*c**2 + 3*c + 9. Determine a(-6).
-45
Let t(v) = v - 16. Determine t(-5).
-21
Let c(n) = n**3 + 7*n**2 + 5*n + 22. Give c(-5).
47
Let c(l) = l**2 - 4*l - 4. Give c(3).
-7
Let j(f) = -f**3 + 37*f**2 - 32*f - 114. Give j(36).
30
Let o(s) = -5*s**2 - 3*s + 1. Determine o(2).
-25
Let o(x) = 4*x**2 - x - 4. Give o(-2).
14
Let l(g) = g**2 + 21*g + 36. Give l(-17).
-32
Let d(a) = -4*a**3 + 7*a**2 - 5*a + 3. What is d(2)?
-11
Let m(h) = -h + 2. What is m(-4)?
6
Let u(w) = -11*w - 7. Determine u(-3).
26
Let j(f) = -f**3 - 13*f**2 + 12*f - 20. Determine j(-14).
8
Let i(j) = -10*j + 188. What is i(21)?
-22
Let v(t) = 3*t - 8. Give v(4).
4
Let w(v) = -14*v + 2. Determine w(-1).
16
Let l(y) = -y**3 + 11*y**2 - y - 1. Calculate l(11).
-12
Let z(k) = -k**2 - k + 14. Determine z(0).
14
Let j(w) = w**2 + 9*w - 37. Calculate j(3).
-1
Let m(j) = 24*j - 360. What is m(15)?
0
Let c(r) = -r**2 + 29*r + 62. Give c(31).
0
Let w(z) = -z**2 + 5*z + 27. Give w(5).
27
Let f(l) = -l**3 + 3*l**2 - l - 4. Give f(4).
-24
Let v(d) = -d**2 + 68*d - 936. Give v(49).
-5
Let w(g) = -g**2 + 19*g - 8. Determine w(17).
26
Let u(t) = t**3 + 4*t**2 + 18*t + 75. Calculate u(-4).
3
Let x(m) = m**3 + 2*m - 64. Determine x(0).
-64
Let k(l) = -l**2 - 17*l - 5. What is k(-7)?
65
Let u(v) = -14*v + 7. Determine u(-4).
63
Let u(k) = 2*k**3 + k**2 + k + 1. Determine u(-1).
-1
Let h(a) = -2*a**2 - 11*a + 17. What is h(-7)?
-4
Let m(j) = 61*j - 307. What is m(5)?
-2
Let z(b) = -12*b**3 - 3*b**2 - 4*b - 2. Give z(-1).
11
Let y(t) = -t**3 + 5*t**2 - 4*t - 1. Calculate y(5).
-21
Let z(v) = v**3 + 3*v**2 + 5*v + 3. Determine z(0).
3
Let l(n) = 28*n + 11. Calculate l(0).
11
Let g(k) = -k**2 - 2*k - 2. What is g(-3)?
-5
Let u(j) = -33*j + 125. Determine u(4).
-7
Let b(v) = 8*v + 40. Determine b(-6).
-8
Let i(u) = 5*u**2 - 1. Determine i(2).
19
Let t(y) = -y**3 + 6*y**2 + 29*y - 19. Give t(9).
-1
Let o(y) = -9*y - 554. Give o(-61).
-5
Let h(n) = -13*n - 4. What is h(-2)?
22
Let m(u) = u**3 - 6*u**2 + 4*u. Determine m(4).
-16
Let z(a) = a**2 - 13*a + 23. Determine z(11).
1
Let c(j) = -7*j + 1. Determine c(-2).
15
Let a(c) = -c**3 - 9*c**2 - 10*c - 14. Determine a(-7).
-42
Let c(z) = z - 6. Calculate c(-6).
-12
Let y(c) = -c**3 - 6*c**2 + 16*c + 16. Give y(-8).
16
Let u(s) = s**3 - 9*s**2 